ctor of 3 and 944?
1
What is the highest common divisor of 228 and 95988?
228
Calculate the greatest common divisor of 55 and 40315.
55
Calculate the highest common factor of 2700 and 432.
108
Calculate the highest common divisor of 72 and 9.
9
What is the highest common factor of 35 and 3535?
35
What is the greatest common divisor of 88 and 6116?
44
What is the greatest common factor of 63 and 3570?
21
Calculate the greatest common factor of 836 and 76.
76
What is the highest common factor of 646 and 68?
34
What is the greatest common divisor of 130 and 6?
2
What is the greatest common factor of 1643 and 1116?
31
Calculate the greatest common factor of 48 and 996.
12
What is the greatest common divisor of 77 and 1463?
77
What is the highest common divisor of 188 and 47?
47
Calculate the highest common divisor of 11 and 16.
1
Calculate the greatest common factor of 2065 and 35.
35
Calculate the highest common divisor of 63 and 2331.
63
Calculate the greatest common divisor of 896 and 56.
56
What is the highest common divisor of 432 and 112?
16
Calculate the highest common factor of 4399 and 318.
53
Calculate the greatest common divisor of 30852 and 12.
12
Calculate the highest common divisor of 8374 and 106.
106
What is the highest common divisor of 539 and 22?
11
Calculate the greatest common divisor of 2416 and 16.
16
What is the greatest common factor of 158 and 5609?
79
Calculate the greatest common divisor of 12 and 2778.
6
What is the greatest common factor of 3724 and 686?
98
What is the highest common factor of 221 and 136?
17
What is the highest common factor of 320 and 608?
32
What is the highest common factor of 9 and 21?
3
What is the greatest common divisor of 738 and 82?
82
What is the greatest common factor of 7170 and 60?
30
Calculate the highest common factor of 4 and 579.
1
Calculate the highest common divisor of 80 and 1648.
16
What is the greatest common divisor of 1465 and 35?
5
What is the greatest common divisor of 35084 and 588?
196
What is the highest common factor of 37 and 1184?
37
What is the greatest common divisor of 258 and 12?
6
Calculate the highest common divisor of 49 and 64.
1
What is the greatest common divisor of 66 and 12?
6
What is the highest common divisor of 32 and 96?
32
What is the highest common factor of 30 and 7245?
15
Calculate the highest common divisor of 768 and 3584.
256
What is the greatest common factor of 168 and 3?
3
Calculate the greatest common divisor of 3267 and 27.
27
What is the greatest common factor of 60 and 9510?
30
What is the greatest common divisor of 26 and 2990?
26
Calculate the greatest common factor of 18270 and 261.
261
Calculate the greatest common factor of 4944 and 240.
48
What is the greatest common divisor of 2028 and 12?
12
Calculate the highest common factor of 16 and 944.
16
Calculate the greatest common divisor of 505 and 200.
5
What is the greatest common factor of 5 and 31?
1
What is the highest common factor of 36 and 261?
9
What is the greatest common divisor of 38 and 5586?
38
What is the highest common factor of 736 and 96?
32
What is the greatest common factor of 46 and 161?
23
What is the greatest common divisor of 160 and 130?
10
What is the greatest common factor of 30 and 12?
6
What is the greatest common factor of 2 and 58?
2
What is the greatest common divisor of 11 and 10307?
11
Calculate the greatest common factor of 28 and 35.
7
What is the highest common divisor of 10339 and 844?
211
Calculate the highest common divisor of 88 and 154.
22
Calculate the highest common divisor of 18 and 582.
6
Calculate the highest common divisor of 18 and 228.
6
Calculate the highest common divisor of 63 and 1953.
63
What is the highest common divisor of 624 and 741?
39
What is the greatest common factor of 116 and 4?
4
What is the highest common divisor of 9 and 2?
1
What is the highest common divisor of 6504 and 24?
24
What is the highest common factor of 493 and 17?
17
What is the highest common divisor of 204 and 8?
4
What is the greatest common divisor of 387 and 81?
9
Calculate the greatest common factor of 51 and 15.
3
Calculate the greatest common factor of 323 and 34.
17
What is the greatest common divisor of 1755 and 156?
39
What is the greatest common divisor of 8 and 2708?
4
Calculate the greatest common factor of 1285 and 5.
5
What is the greatest common divisor of 906 and 12?
6
Calculate the highest common factor of 2850 and 114.
114
Calculate the greatest common divisor of 56 and 16.
8
What is the greatest common divisor of 255 and 340?
85
What is the greatest common divisor of 6479 and 310?
31
What is the greatest common divisor of 45 and 60?
15
Calculate the greatest common factor of 27 and 423.
9
What is the greatest common factor of 30 and 465?
15
Calculate the greatest common factor of 32 and 1696.
32
What is the highest common divisor of 1037 and 51?
17
Calculate the greatest common divisor of 143 and 55.
11
What is the highest common factor of 111 and 1443?
111
What is the greatest common divisor of 182 and 260?
26
What is the highest common factor of 2760 and 8?
8
Calculate the greatest common factor of 4160 and 120.
40
Calculate the highest common divisor of 545 and 2071.
109
Calculate the highest common factor of 9 and 90.
9
Calculate the highest common divisor of 50 and 2225.
25
Calculate the highest common divisor of 4097 and 17.
17
What is the greatest common factor of 3 and 7?
1
Calculate the highest common factor of 550 and 650.
50
Calculate the greatest common factor of 138 and 54.
6
What is the highest common divisor of 2173 and 41?
41
Calculate the highest common divisor of 62 and 2.
2
Calculate the greatest common factor of 160 and 440.
40
Calculate the highest common factor of 40 and 5080.
40
Calculate the highest common factor of 1404 and 1248.
156
What is the highest common factor of 8959 and 124?
31
What is the highest common factor of 54 and 1593?
27
Calculate the greatest common divisor of 22 and 517.
11
Calculate the highest common factor of 42120 and 117.
117
What is the highest common divisor of 10 and 34?
2
What is the greatest common factor of 209 and 1919?
19
What is the highest common divisor of 2030 and 7?
7
What is the greatest common factor of 592 and 16?
16
What is the highest common factor of 6929 and 41?
41
What is the highest common divisor of 550 and 253?
11
What is the highest common divisor of 42 and 25382?
14
What is the highest common divisor of 15 and 40?
5
Calculate the greatest common divisor of 2739 and 11.
11
Calculate the greatest common divisor of 1235 and 35.
5
What is the greatest common factor of 8 and 998?
2
What is the highest common divisor of 24 and 24?
24
Calculate the greatest common factor of 90 and 6975.
45
What is the greatest common factor of 11 and 187?
11
Calculate the greatest common factor of 5 and 45785.
5
What is the greatest common divisor of 260 and 3580?
20
What is the highest common divisor of 64 and 192?
64
What is the highest common divisor of 112 and 6888?
56
Calculate the highest common factor of 402 and 2546.
134
Calculate the greatest common divisor of 294 and 6.
6
Calculate the greatest common factor of 35 and 134855.
35
Calculate the greatest common divisor of 162 and 45.
9
Calculate the highest common factor of 882 and 30.
6
Calculate the greatest common divisor of 1043 and 42.
7
Calculate the highest common factor of 13836 and 24.
12
What is the greatest common divisor of 86 and 387?
43
What is the highest common divisor of 17730 and 90?
90
Calculate the greatest common divisor of 104 and 24.
8
What is the highest common factor of 9262 and 44?
22
What is the greatest common divisor of 9 and 6615?
9
Calculate the greatest common divisor of 29 and 377.
29
Calculate the highest common divisor of 132 and 4972.
44
What is the greatest common divisor of 32 and 456?
8
Calculate the greatest common factor of 54 and 1188.
54
Calculate the highest common factor of 7821 and 396.
99
Calculate the highest common divisor of 76 and 475.
19
Calculate the highest common divisor of 98 and 140.
14
Calculate the greatest common divisor of 17671 and 123.
41
What is the highest common divisor of 287 and 49?
7
Calculate the highest common factor of 264 and 36.
12
Calculate the greate